+ -61. Suppose -20 = t*g - 120. What is the highest common divisor of g and 4?
2
Suppose -2*r + 12 = 2*r. Suppose -r*b + 115 = 2*b. Suppose 4*n + 334 = 2*w, 2*w + 2*w - 4*n = 656. What is the highest common divisor of w and b?
23
Let d = 269 - -11. What is the highest common factor of 70 and d?
70
Suppose -22 = 2*n - 158. Suppose -1 = -3*g + n. Let m = -416 - -600. Calculate the greatest common divisor of g and m.
23
Suppose 5*u + 8 = -57. Let t = u - -76. Let d be -5 + 0 + 1 + 11. Calculate the highest common factor of d and t.
7
Let m = 6 - 4. Suppose -m*t = 2*t - p - 21, -4*p - 32 = -3*t. Suppose 0 = t*n + 5 - 109. Calculate the highest common factor of 26 and n.
26
Suppose 0 = 2*l + 3*f + 2*f - 11, 2*f = -10. Let m = l + -6. What is the highest common divisor of m and 3?
3
Let u be 8050/105*(3 - 0). Calculate the greatest common factor of u and 368.
46
Let t be (1 - (-15)/(-10))*-6. Suppose -2*y + 19 = -t*u - 4, -1 = u. Let j = -7 + 22. Calculate the highest common divisor of j and y.
5
Let k = -57 - -98. Suppose 23 = 2*t - k. Calculate the greatest common divisor of 256 and t.
32
Let v be 3 + -4 - 1/((-4)/140). Let l = v - 31. What is the highest common divisor of 27 and l?
3
Let n = -1499 - -1524. Calculate the highest common factor of n and 400.
25
Let q(k) = -3*k**2 - 70*k - 12. Let i be q(-14). Calculate the greatest common factor of 20 and i.
20
Let o be (-3 - (-16)/(-8)) + 33. What is the greatest common divisor of 364 and o?
28
Let o be -5 + -3 + 1 + 125. Calculate the greatest common divisor of 59 and o.
59
Suppose -2*b = -180 + 14. Calculate the greatest common factor of 3071 and b.
83
Suppose 7*n - 1969 = -1605. What is the greatest common divisor of 39 and n?
13
Let c(f) be the second derivative of f**4/12 + 3*f**2/2 + 5*f. Let w be c(-3). Let q = 230 - 146. Calculate the greatest common factor of w and q.
12
Let k(j) = -26*j + 5. Let o be k(-5). Let n = 139 + -49. What is the highest common divisor of n and o?
45
Suppose 131*v = 112*v + 380. Suppose 2*i + 4 = 0, 5*i + 8 + 17 = 3*o. Suppose -w = -2*w + o. What is the greatest common factor of w and v?
5
Let q = 38 + 4. Suppose 4*u - q + 6 = 0. Suppose -z + 6*z = 315. Calculate the greatest common factor of u and z.
9
Let n(q) = -q**3 - 49*q**2 - 52*q - 27. Let k be n(-48). Calculate the greatest common factor of 75 and k.
15
Let n = -180 - -301. Suppose f - 3*x - 2 = 0, 2*f + 5*x - 20 = 17. What is the highest common factor of n and f?
11
Let f be (-4)/(-11) + 30/88*40. Calculate the greatest common divisor of f and 18.
2
Let k be 4/4 + (1 - -20). Let x = -7328 - -7330. What is the highest common divisor of x and k?
2
Suppose -2*q + 3*f = 1 - 168, -2*f - 10 = 0. Calculate the greatest common divisor of 95 and q.
19
Suppose 0 = 5*x - 181 + 1061. Let p = -121 - x. Calculate the highest common divisor of 10 and p.
5
Suppose 54 = f + k, -45 = -2*f + f + 2*k. What is the greatest common factor of f and 255?
51
Suppose 26*y - 23*y - 3*j = 1032, 3*y - 1036 = 5*j. Calculate the greatest common factor of 38 and y.
38
Let z = 1788 - 1744. Calculate the greatest common factor of 6 and z.
2
Let z be (-1)/(1 + 0) - -3. Let j be 0 - 1*(z + -4). What is the highest common factor of j and 2?
2
Suppose 6*c - c - 30 = 0. Let a be (0 - -2)/(3/c). Suppose 13 - 73 = -2*i - a*t, -34 = -i - 3*t. Calculate the greatest common factor of i and 2.
2
Suppose 75*z - 702 = 66*z. Calculate the greatest common divisor of 24 and z.
6
Let c(b) = 212*b**2 + 4*b + 2. Let y be c(-1). What is the greatest common factor of 300 and y?
30
Let k(y) = 47*y**3 + 2*y**2 - 8*y + 9. Let w be k(3). Calculate the highest common factor of w and 24.
24
Let f be (-4)/(-7) - (-706)/14. Suppose -18*w - 105 = -21*w - 3*s, 3*w - 107 = -5*s. Calculate the greatest common divisor of f and w.
17
Suppose 4*r + 6*r - 3600 = 0. Let x = 657 - r. What is the highest common factor of 27 and x?
27
Let a be (36/45)/(-2 - 24/(-10)). Suppose -5*k - 60 = -5*h, 5*h - 60 = a*k - 5*k. What is the greatest common factor of h and 9?
3
Let v = -522 + 544. What is the highest common factor of v and 253?
11
Let s(w) = -2*w + 4. Let f be s(-2). Suppose f = -6*l + 7*l. Let c be 2/l + (-7553)/(-28). What is the greatest common factor of c and 30?
30
Let t(b) = b**3 + 14*b**2 - b - 7. Let v be t(-14). Let n(s) = s**2 - 5*s - 4 + s**2 + s**2. Let h be n(v). Calculate the greatest common divisor of 12 and h.
12
Let l(h) = 36*h + 44. Let x be l(5). Let i(p) = 2*p**2 - 5*p + 3. Let y be i(5). What is the highest common factor of y and x?
28
Let j = -593 - -608. Calculate the highest common factor of j and 3165.
15
Let o be (-17 + 7)/(-1 - -2)*1. Suppose -j = -6 + 2. Let s be 76/10 - j/o. Calculate the highest common divisor of 1 and s.
1
Let i be 27/(-36)*-8 + 3. Let p(f) = -3*f - 3. Let h be p(-2). Suppose -h = -k, -5*n + 3*k = -2*k + 10. Calculate the highest common factor of n and i.
1
Let p be (-8)/10*35/(-14). Let i be (28/(-12))/(p/(-6)). Suppose 2*w - i = 19. What is the greatest common divisor of 52 and w?
13
Let c(s) = 18*s**2 - 2*s - 1. Suppose j - 12 = -13. Let y be c(j). What is the greatest common divisor of y and 76?
19
Let s be 2*-1 - (-2 + -2). Let b be s + 3*30/3. Suppose 4*l + b = 8*l. What is the highest common factor of 8 and l?
8
Suppose 13*p - 16 = 9*p. What is the highest common divisor of p and 20?
4
Suppose -4*v - 3*s + 6 = -s, -3*v - s = -5. Let a be (-1 + 3)/(v/9). Let m be (-2 - 2/2) + 6. What is the highest common divisor of a and m?
3
Let r be (-20)/(-2) + (4 - 0 - 7). Let b = -32 + 53. What is the highest common divisor of b and r?
7
Let h be (13/11 + (-28)/154)*114. Suppose -16 = 4*b, 2*b - h + 12 = -2*u. Calculate the greatest common factor of 44 and u.
11
Let d(f) = -f**3 - 8*f**2 + 8*f + 7. Let k be d(-9). Suppose 5*g - 58 = 342. Calculate the greatest common divisor of g and k.
16
Suppose 18*x - 828 = 12*x. Let r = -70 + x. What is the highest common factor of 4 and r?
4
Let k(o) = 2*o + 4. Let l be k(7). Let p(c) = -c**3 + 4*c**2 - 2*c - 1. Let r be p(5). Let a be (3/(-1))/(4/r). Calculate the greatest common factor of a and l.
9
Suppose 86 = -6*v + 8*v. Let g = -37 + v. What is the greatest common factor of 2 and g?
2
Suppose 505 - 49 = -4*t. Let z = 130 + t. Calculate the highest common factor of z and 80.
16
Let w(v) = 3*v**2 - 9. Let c be w(6). Let a be 14/(-2)*6/(-2). Let i = 32 - a. What is the greatest common factor of c and i?
11
Let k = 21 + -1. Let m be 264/10 - k/50. What is the highest common factor of m and 39?
13
Let z(u) = -u**2 - 5*u. Let x be z(-4). Suppose p - 68 = 2*o, 9*o - 40 = -p + x*o. Calculate the greatest common divisor of 24 and p.
12
Let d(i) = 34*i + 168. Let a be d(15). What is the greatest common factor of a and 6?
6
Let n = 1624 + -1026. Calculate the highest common divisor of n and 26.
26
Let o be -18*(-2 + (-28)/8). Calculate the highest common divisor of o and 33.
33
Let k(t) = 17*t - 92. Let y be k(10). What is the greatest common divisor of 195 and y?
39
Let c(i) = 13*i**2 - 15*i - 67. Let m be c(-3). What is the greatest common factor of 57 and m?
19
Let s = 1121 + -978. Calculate the greatest common divisor of 52 and s.
13
Suppose 2*z = -u, -u - 1 + 19 = -4*z. Suppose u*a - 8 = 58. What is the greatest common factor of a and 11?
11
Suppose 358 = 2*n + 2*i, 3*n = -4*i + 819 - 278. Let o(a) = 3*a**2 + 11*a + 28. Let y be o(-6). Calculate the greatest common divisor of y and n.
35
Suppose -4*i + 153 = -i. Let k = 138 - 63. Let w = k - i. What is the greatest common factor of w and 120?
24
Let j(h) be the first derivative of -h**4/4 + 7*h**3/3 - 2*h**2 - 2*h - 15. Let o be j(4). What is the highest common divisor of o and 45?
15
Suppose 4*i - 5*u + 24 = 202, 241 = 5*i + 3*u. Calculate the greatest common divisor of i and 47.
47
Suppose -25 = -5*r, 3*h + 5*r = -1775 + 9447. Suppose 7*f = h - 834. What is the greatest common divisor of 35 and f?
35
Suppose 3*k + 2*k = -5*t + 590, 4*k - 482 = t. Calculate the highest common divisor of 48 and k.
24
Let a(s) = -8*s + 96. Let t be a(6). What is the greatest common factor of t and 18?
6
Suppose -f - 2*h + 38 = 0, -2*h + 48 = 5*f - 134. Calculate the greatest common factor of f and 18.
18
Suppose -102*j = -760 - 7298. What is the greatest commo